and 9.
1
What is the greatest common divisor of 4633 and 164?
41
Calculate the highest common divisor of 12416 and 30846.
194
What is the greatest common divisor of 2196 and 60084?
36
What is the highest common factor of 2096 and 10608?
16
What is the highest common factor of 71060 and 2565?
95
Calculate the highest common divisor of 261 and 14364.
9
Calculate the greatest common factor of 135 and 26575.
5
Calculate the highest common divisor of 378153 and 18.
9
What is the greatest common divisor of 988 and 1404?
52
Calculate the greatest common factor of 3285 and 1218078.
657
Calculate the highest common divisor of 41504 and 128.
32
Calculate the highest common divisor of 10836 and 357.
21
What is the greatest common factor of 7104 and 2208?
96
Calculate the highest common factor of 3 and 10041.
3
Calculate the highest common factor of 22440 and 198.
66
What is the greatest common factor of 26138 and 28?
14
What is the highest common factor of 96384 and 16?
16
What is the highest common divisor of 2119 and 11573?
163
What is the greatest common divisor of 38 and 662150?
38
What is the highest common factor of 37395 and 240?
15
Calculate the greatest common factor of 339701 and 29171.
941
What is the greatest common factor of 324 and 1533843?
27
Calculate the highest common factor of 192 and 174912.
192
What is the highest common factor of 71553 and 92?
23
What is the highest common divisor of 266214 and 3198?
78
Calculate the highest common factor of 9136 and 2656.
16
Calculate the highest common factor of 6135 and 690.
15
What is the greatest common factor of 1596 and 12312?
228
What is the greatest common factor of 27 and 109831?
1
Calculate the highest common divisor of 240 and 1297680.
240
What is the highest common divisor of 3280 and 490?
10
What is the greatest common divisor of 104650 and 5382?
598
What is the highest common divisor of 38120 and 80?
40
Calculate the greatest common divisor of 3213 and 12971.
119
What is the greatest common factor of 49 and 112469?
7
Calculate the highest common divisor of 58 and 80968.
58
What is the highest common divisor of 33264 and 9?
9
Calculate the highest common factor of 3059 and 6440.
161
Calculate the greatest common divisor of 221666 and 1918.
274
What is the greatest common divisor of 4288 and 64992?
32
What is the greatest common factor of 3099960 and 109?
109
Calculate the greatest common factor of 1240 and 897388.
124
What is the highest common factor of 154812 and 32?
4
Calculate the greatest common factor of 12963 and 108663.
87
What is the greatest common divisor of 912549 and 66?
33
What is the greatest common factor of 1269 and 2133?
27
What is the greatest common divisor of 287320 and 40?
40
Calculate the highest common divisor of 33 and 1903.
11
Calculate the greatest common divisor of 60367 and 159.
53
What is the highest common divisor of 2511 and 34689?
93
Calculate the highest common divisor of 16365 and 315.
15
What is the greatest common divisor of 66 and 4931256?
66
What is the highest common factor of 218 and 21037?
109
Calculate the greatest common factor of 6511 and 28016.
17
Calculate the greatest common factor of 10870 and 80.
10
Calculate the greatest common divisor of 2 and 2975.
1
Calculate the highest common factor of 6976 and 128.
64
What is the highest common divisor of 5206 and 21128?
38
What is the greatest common factor of 7210 and 130?
10
Calculate the greatest common factor of 20272 and 154212.
724
What is the greatest common divisor of 64 and 488?
8
Calculate the greatest common factor of 551 and 1444.
19
What is the highest common divisor of 784 and 428176?
112
Calculate the highest common factor of 34350 and 1650.
150
Calculate the greatest common factor of 53080 and 420.
20
What is the highest common factor of 170 and 1105?
85
What is the greatest common factor of 149256 and 72?
72
Calculate the greatest common factor of 329049 and 945.
189
What is the highest common divisor of 1085080 and 40?
40
Calculate the greatest common factor of 178 and 592562.
178
Calculate the greatest common factor of 2134 and 154.
22
Calculate the highest common factor of 178499 and 103.
103
What is the greatest common divisor of 121 and 24133?
1
What is the highest common factor of 333684 and 5796?
828
What is the greatest common factor of 2805 and 1381545?
165
What is the highest common factor of 50478 and 105186?
282
What is the highest common factor of 66 and 1591414?
22
Calculate the greatest common divisor of 671019 and 141.
141
What is the highest common factor of 966 and 43638?
42
Calculate the greatest common divisor of 276400 and 8600.
200
Calculate the greatest common factor of 285 and 1095.
15
What is the greatest common divisor of 3456 and 675?
27
Calculate the greatest common divisor of 956 and 13862.
478
What is the highest common divisor of 572044 and 484?
44
Calculate the greatest common factor of 37125 and 3575.
275
What is the greatest common factor of 195 and 2955?
15
Calculate the highest common divisor of 427505 and 65.
65
What is the greatest common divisor of 24843 and 104?
13
Calculate the greatest common factor of 3065076 and 84.
84
What is the greatest common factor of 6640 and 760?
40
What is the highest common factor of 282 and 223062?
282
What is the highest common divisor of 28462 and 1064?
266
Calculate the greatest common factor of 73 and 9271.
73
Calculate the highest common factor of 1642443 and 16401.
2343
What is the greatest common factor of 4259 and 5?
1
What is the greatest common factor of 23850 and 175?
25
What is the highest common divisor of 3285 and 2741880?
1095
What is the highest common divisor of 86691 and 55?
11
What is the highest common factor of 1042048 and 14?
14
Calculate the highest common factor of 115 and 4193245.
115
What is the greatest common divisor of 154 and 1765918?
154
Calculate the greatest common divisor of 32088 and 71736.
168
What is the highest common divisor of 12 and 44166?
6
Calculate the greatest common factor of 2217 and 194357.
739
Calculate the highest common divisor of 10518 and 42.
6
Calculate the highest common factor of 2640528 and 44.
44
What is the highest common factor of 405 and 2331?
9
Calculate the highest common factor of 96688 and 16.
16
What is the highest common divisor of 16 and 4091?
1
Calculate the highest common divisor of 42 and 21770.
14
What is the greatest common divisor of 100 and 3475?
25
Calculate the highest common factor of 46 and 4881566.
46
What is the highest common factor of 1234560 and 96?
96
Calculate the greatest common factor of 105 and 95165.
35
What is the greatest common factor of 413 and 19603871?
413
Calculate the greatest common divisor of 629729 and 3228.
269
Calculate the highest common divisor of 1727466 and 78.
78
What is the highest common factor of 23896 and 9?
1
Calculate the greatest common divisor of 547 and 810654.
547
Calculate the highest common divisor of 23 and 373267.
23
Calculate the highest common divisor of 10 and 1294160.
10
What is the greatest common factor of 246945 and 6969?
303
Calculate the highest common divisor of 9130 and 8690.
110
Calculate the highest common factor of 9906742 and 1706.
1706
What is the highest common divisor of 4393 and 299?
23
Calculate the greatest common divisor of 1834 and 11270.
14
Calculate the highest common divisor of 28 and 224776.
4
What is the highest common factor of 2178 and 15477?
33
What is the greatest common divisor of 1540 and 13750?
110
Calculate the greatest common factor of 18 and 2048.
2
Calculate the greatest common divisor of 97860 and 460.
20
Calculate the highest common factor of 451348 and 6572.
212
Calculate the greatest common factor of 631467 and 9.
9
What is the greatest common divisor of 39 and 69186?
39
Calculate the greatest common factor of 84 and 127134.
42
What is the highest common factor of 81 and 171720?
81
What is the highest common divisor of 1128 and 64152?
24
Calculate the greatest common factor of 21516246 and 342.
342
What is the greatest common divisor of 135240 and 92?
92
What is the greatest common divisor of 1859 and 550?
11
Calculate the greatest common factor of 10740 and 120.
60
Calculate the greatest common divisor of 1157 and 2259621.
1157
Calculate the